{"id":2095,"date":"2026-02-12T22:56:42","date_gmt":"2026-02-13T01:56:42","guid":{"rendered":"https:\/\/fisica2.fica.unsl.edu.ar\/?page_id=2095"},"modified":"2026-02-19T11:08:09","modified_gmt":"2026-02-19T14:08:09","slug":"f2_t1_apli","status":"publish","type":"page","link":"https:\/\/fisica2.fica.unsl.edu.ar\/index.php\/f2_t1_apli\/","title":{"rendered":"F2_T1_apli"},"content":{"rendered":"\t\t<div data-elementor-type=\"wp-page\" data-elementor-id=\"2095\" class=\"elementor elementor-2095\">\n\t\t\t\t\t\t<section class=\"elementor-section elementor-top-section elementor-element elementor-element-16290ce elementor-section-height-min-height elementor-section-content-middle elementor-section-boxed elementor-section-height-default elementor-section-items-middle\" data-id=\"16290ce\" data-element_type=\"section\" data-e-type=\"section\">\n\t\t\t\t\t\t<div class=\"elementor-container elementor-column-gap-default\">\n\t\t\t\t\t<div class=\"elementor-column elementor-col-33 elementor-top-column elementor-element elementor-element-95ab741\" data-id=\"95ab741\" data-element_type=\"column\" data-e-type=\"column\">\n\t\t\t<div class=\"elementor-widget-wrap elementor-element-populated\">\n\t\t\t\t\t\t<div class=\"elementor-element elementor-element-8a58345 elementor-widget elementor-widget-image\" data-id=\"8a58345\" data-element_type=\"widget\" data-e-type=\"widget\" data-widget_type=\"image.default\">\n\t\t\t\t<div class=\"elementor-widget-container\">\n\t\t\t\t\t\t\t\t\t\t\t\t\t\t\t<img decoding=\"async\" src=\"https:\/\/fisica2.fica.unsl.edu.ar\/wp-content\/uploads\/2026\/02\/aplicaciones_vida_real.gif\" title=\"aplicaciones_vida_real\" alt=\"aplicaciones_vida_real\" loading=\"lazy\" \/>\t\t\t\t\t\t\t\t\t\t\t\t\t\t\t<\/div>\n\t\t\t\t<\/div>\n\t\t\t\t\t<\/div>\n\t\t<\/div>\n\t\t\t\t<div class=\"elementor-column elementor-col-66 elementor-top-column elementor-element elementor-element-47d728b\" data-id=\"47d728b\" data-element_type=\"column\" data-e-type=\"column\">\n\t\t\t<div class=\"elementor-widget-wrap elementor-element-populated\">\n\t\t\t\t\t\t<div class=\"elementor-element elementor-element-86f9678 elementor-widget elementor-widget-text-editor\" data-id=\"86f9678\" data-element_type=\"widget\" data-e-type=\"widget\" data-widget_type=\"text-editor.default\">\n\t\t\t\t<div class=\"elementor-widget-container\">\n\t\t\t\t\t\t\t\t\t<p><span style=\"font-size: 20px; color: #000080;\"><strong>Aplicaciones y fen\u00f3menos cotidianos<\/strong><\/span><\/p>\t\t\t\t\t\t\t\t<\/div>\n\t\t\t\t<\/div>\n\t\t\t\t\t<\/div>\n\t\t<\/div>\n\t\t\t\t\t<\/div>\n\t\t<\/section>\n\t\t\t\t<section class=\"elementor-section elementor-top-section elementor-element elementor-element-c58fab0 elementor-section-full_width elementor-section-height-default elementor-section-height-default\" data-id=\"c58fab0\" data-element_type=\"section\" data-e-type=\"section\">\n\t\t\t\t\t\t<div class=\"elementor-container elementor-column-gap-default\">\n\t\t\t\t\t<div class=\"elementor-column elementor-col-100 elementor-top-column elementor-element elementor-element-65fd76b\" data-id=\"65fd76b\" data-element_type=\"column\" data-e-type=\"column\">\n\t\t\t<div class=\"elementor-widget-wrap elementor-element-populated\">\n\t\t\t\t\t\t<div class=\"elementor-element elementor-element-0deb2f2 elementor-widget elementor-widget-text-editor\" data-id=\"0deb2f2\" data-element_type=\"widget\" data-e-type=\"widget\" data-widget_type=\"text-editor.default\">\n\t\t\t\t<div class=\"elementor-widget-container\">\n\t\t\t\t\t\t\t\t\t<p class=\"Estilo24\"><span style=\"color: #000000; font-size: 12px;\">En caso de utilizarse un video en Youtube, y que por ejemplo el audio este en el idioma ingl\u00e9s, existe la posibilidad de subtitular el video. Para ello, ir al \u00edcono [CONFIGURACI\u00f3N], seleccionar [SUBT\u00edTULOS] si figura [DESACTIVADOS] se deber\u00e1 [ACTIVARLOS] y luego seleccionar [INGL\u00e9S Generada autom\u00e1ticamente], luego ir nuevamente al \u00edcono [CONFIGURACI\u00f3N] en [SUBT\u00edTULOS] y en la flecha correspondiente a [MEN\u00fa DESPLEGABLE], seleccionar [TRADUCIR SUBTITULOS], luego [TRADUCIR], y finalmente seleccionar [ESPA\u00d1OL] y [ACEPTAR].<\/span><\/p><p><span style=\"color: #000080;\"><strong>Precipitador Electrost\u00e1tico<\/strong><\/span><br \/><span style=\"color: #000000;\">Un precipitar electrost\u00e1tico (PES) se usa para remover cenizas y otras part\u00edculas que resultan por ejemplo al quemar carb\u00f3n para generar electricidad. El PES consta de cables y placas, donde los cables mantienen un alto voltaje negativo con respecto a una serie de placas que se mantienen a un voltaje positivo. Los gases de escape del proceso de quema entran al PES donde las part\u00edculas que pasan cerca de los cables adquieren una carga negativa. Lugo estas part\u00edculas son atra\u00eddas hacia una de las placas positivas y ah\u00ed se adhieren. El gas contin\u00faa su paso a trav\u00e9s del PES dejando a tras las cenizas y otras part\u00edculas<\/span><\/p><p class=\"Estilo24\"><span style=\"color: #ff0000;\"><a style=\"color: #ff0000;\" href=\"https:\/\/www.youtube.com\/watch?v=0QWMHxZdPQk&amp;t=118s\" target=\"_blank\" rel=\"noopener\">[1]<\/a>\u00a0\u00a0\u00a0\u00a0\u00a0\u00a0\u00a0\u00a0<a style=\"color: #ff0000;\" href=\"http:\/\/techalive.mtu.edu\/envengtext\/ElectrostaticPrecipitator.swf\" target=\"_blank\" rel=\"noopener\">[2]<\/a>\u00a0\u00a0\u00a0\u00a0\u00a0\u00a0\u00a0<a style=\"color: #ff0000;\" href=\"http:\/\/newyorkscienceteacher.com\/sci\/files\/user-submitted\/electrostaticPreciptator.swf\" target=\"_blank\" rel=\"noopener\">[3]<\/a>\u00a0\u00a0\u00a0\u00a0\u00a0\u00a0\u00a0[4]<\/span><\/p><p><span style=\"color: #000080;\"><strong>Pintura Electrost\u00e1tica<\/strong><\/span><br \/><span style=\"color: #000000;\">El proceso de pintura electrost\u00e1tica, que se utiliza por ejemplo en la industria automotriz, donde el objeto que va a pintarse se conecta a tierra y las gotitas de pintura se les da una carga el\u00e9ctrica conforme salen de la boquilla rociadora. Al acercarse las gotitas de pintura al objeto que se pinta, aparecen en \u00e9ste cargas inducidas del signo opuesto que atraen las gotitas a la superficie. Este proceso minimiza la formaci\u00f3n de nubes de part\u00edculas dispersas de pintura y da un acabado particularmente liso.<\/span><\/p><p><span style=\"color: #000000;\"><span style=\"color: #ff0000;\"><a style=\"color: #ff0000;\" href=\"https:\/\/www.youtube.com\/watch?v=LAEGkaqKZhQ\" target=\"_blank\" rel=\"noopener\">[1]<\/a>\u00a0\u00a0<\/span>\u00a0\u00a0\u00a0\u00a0 [2]\u00a0\u00a0\u00a0\u00a0\u00a0\u00a0 [3] \u00a0\u00a0\u00a0\u00a0\u00a0\u00a0[4]<\/span><\/p><p><span style=\"color: #000080;\"><strong>Fotocopiadora \/ Impresora L\u00e1ser<\/strong><\/span><br \/><span style=\"color: #000000;\">Una fotocopiadora trabaja mediante el arreglo de cargas positivas (en el patr\u00f3n que ser\u00e1 copiado) sobre la superficie de un tambor cil\u00edndrico y luego se roc\u00eda suavemente part\u00edculas de t\u00f3ner seco cargado negativamente (la tinta) sobre el tambor. Las part\u00edculas de t\u00f3ner se pegan en forma temporal en el patr\u00f3n sobre el tambor y despu\u00e9s se transfiere al papel y se fijan t\u00e9rmicamente para producir la copia.<\/span><\/p><p class=\"Estilo24\"><span style=\"color: #000000;\"><span style=\"color: #ff0000;\"><a style=\"color: #ff0000;\" href=\"https:\/\/www.youtube.com\/watch?v=K6jRWNXkBKQ\" target=\"_blank\" rel=\"noopener\">[1]<\/a>\u00a0\u00a0\u00a0\u00a0\u00a0\u00a0\u00a0<a style=\"color: #ff0000;\" href=\"https:\/\/www.youtube.com\/watch?v=Abk6v_OwXiE\" target=\"_blank\" rel=\"noopener\">[2]<\/a>\u00a0\u00a0<\/span>\u00a0\u00a0\u00a0\u00a0 [3] \u00a0\u00a0\u00a0\u00a0\u00a0\u00a0[4]<\/span><\/p><p><span style=\"color: #000080;\"><strong>Tubos de Rayos Cat\u00f3dicos<\/strong><\/span><br \/><span style=\"color: #000000;\">Es frecuente que en los osciloscopios, monitores de computadora y televisi\u00f3n haya tubos de rayos cat\u00f3dicos. \u00a0El tubo de rayos cat\u00f3dicos obtiene su nombre del hecho de que dentro del tubo de vidrio evacuado, se dirige un haz de rayos cat\u00f3dicos (electrones) hacia distintos puntos de la pantalla de f\u00f3sforo para producir im\u00e1genes. El interior de la cara del tubo est\u00e1 cubierto de un material fluorescente que brilla cuando es golpeado por los electrones. As\u00ed se hace visible un peque\u00f1o punto brillante en el lugar donde el haz de electrones incide sobre la pantalla. Dos placas horizontales y verticales pueden desviar el haz de electrones cuando se le aplica un voltaje. Los electrones se desv\u00edan hacia la placa que est\u00e1 cargada positivamente. As\u00ed que variando el voltaje de las placas desviadoras es posible conseguir que el punto brillante incida sobre cualquier punto de la pantalla.<\/span><\/p><p class=\"Estilo24\"><span style=\"color: #000000;\"><span style=\"color: #ff0000;\"><a style=\"color: #ff0000;\" href=\"http:\/\/zebu.uoregon.edu\/2000\/ph102\/cathode.mov\" target=\"_blank\" rel=\"noopener\">[1]<\/a>\u00a0\u00a0\u00a0\u00a0\u00a0\u00a0\u00a0<a style=\"color: #ff0000;\" href=\"http:\/\/www.physics.uq.edu.au\/people\/mcintyre\/applets\/cathoderaytube\/crt.html\" target=\"_blank\" rel=\"noopener\">[2]<\/a>\u00a0\u00a0\u00a0\u00a0\u00a0\u00a0\u00a0<a style=\"color: #ff0000;\" href=\"https:\/\/www.youtube.com\/watch?v=GzMh4q-2HjM\" target=\"_blank\" rel=\"noopener\">[3]<\/a>\u00a0\u00a0<\/span>\u00a0\u00a0\u00a0\u00a0\u00a0[4]<\/span><\/p><p><span style=\"color: #000080;\"><strong>Pulverizaci\u00f3n Electr\u00f3st\u00e1tica de Agroqu\u00edmicos<\/strong><\/span><\/p>\t\t\t\t\t\t\t\t<\/div>\n\t\t\t\t<\/div>\n\t\t\t\t\t<\/div>\n\t\t<\/div>\n\t\t\t\t\t<\/div>\n\t\t<\/section>\n\t\t\t\t<\/div>\n\t\t","protected":false},"excerpt":{"rendered":"<p>Aplicaciones y fen\u00f3menos cotidianos En caso de utilizarse un video en Youtube, y que por ejemplo el audio este en el idioma ingl\u00e9s, existe la&hellip;<\/p>\n","protected":false},"author":7,"featured_media":0,"parent":0,"menu_order":0,"comment_status":"closed","ping_status":"closed","template":"elementor_header_footer","meta":{"_monsterinsights_skip_tracking":false,"_monsterinsights_sitenote_active":false,"_monsterinsights_sitenote_note":"","_monsterinsights_sitenote_category":0,"footnotes":""},"class_list":["post-2095","page","type-page","status-publish","hentry"],"yoast_head":"<!-- This site is optimized with the Yoast SEO plugin v27.3 - https:\/\/yoast.com\/product\/yoast-seo-wordpress\/ -->\n<title>F2_T1_apli - F\u00edsica 2<\/title>\n<meta name=\"robots\" content=\"index, follow, max-snippet:-1, max-image-preview:large, max-video-preview:-1\" \/>\n<link rel=\"canonical\" href=\"https:\/\/fisica2.fica.unsl.edu.ar\/index.php\/f2_t1_apli\/\" \/>\n<meta property=\"og:locale\" content=\"es_ES\" \/>\n<meta property=\"og:type\" content=\"article\" \/>\n<meta property=\"og:title\" content=\"F2_T1_apli - F\u00edsica 2\" \/>\n<meta property=\"og:description\" content=\"Aplicaciones y fen\u00f3menos cotidianos En caso de utilizarse un video en Youtube, y que por ejemplo el audio este en el idioma ingl\u00e9s, existe la&hellip;\" \/>\n<meta property=\"og:url\" content=\"https:\/\/fisica2.fica.unsl.edu.ar\/index.php\/f2_t1_apli\/\" \/>\n<meta property=\"og:site_name\" content=\"F\u00edsica 2\" \/>\n<meta property=\"article:modified_time\" content=\"2026-02-19T14:08:09+00:00\" \/>\n<meta property=\"og:image\" content=\"https:\/\/fisica2.fica.unsl.edu.ar\/wp-content\/uploads\/2026\/02\/aplicaciones_vida_real.gif\" \/>\n<meta name=\"twitter:card\" content=\"summary_large_image\" \/>\n<meta name=\"twitter:label1\" content=\"Tiempo de lectura\" \/>\n\t<meta name=\"twitter:data1\" content=\"3 minutos\" \/>\n<script type=\"application\/ld+json\" class=\"yoast-schema-graph\">{\"@context\":\"https:\\\/\\\/schema.org\",\"@graph\":[{\"@type\":\"WebPage\",\"@id\":\"https:\\\/\\\/fisica2.fica.unsl.edu.ar\\\/index.php\\\/f2_t1_apli\\\/\",\"url\":\"https:\\\/\\\/fisica2.fica.unsl.edu.ar\\\/index.php\\\/f2_t1_apli\\\/\",\"name\":\"F2_T1_apli - F\u00edsica 2\",\"isPartOf\":{\"@id\":\"https:\\\/\\\/fisica2.fica.unsl.edu.ar\\\/#website\"},\"primaryImageOfPage\":{\"@id\":\"https:\\\/\\\/fisica2.fica.unsl.edu.ar\\\/index.php\\\/f2_t1_apli\\\/#primaryimage\"},\"image\":{\"@id\":\"https:\\\/\\\/fisica2.fica.unsl.edu.ar\\\/index.php\\\/f2_t1_apli\\\/#primaryimage\"},\"thumbnailUrl\":\"https:\\\/\\\/fisica2.fica.unsl.edu.ar\\\/wp-content\\\/uploads\\\/2026\\\/02\\\/aplicaciones_vida_real.gif\",\"datePublished\":\"2026-02-13T01:56:42+00:00\",\"dateModified\":\"2026-02-19T14:08:09+00:00\",\"breadcrumb\":{\"@id\":\"https:\\\/\\\/fisica2.fica.unsl.edu.ar\\\/index.php\\\/f2_t1_apli\\\/#breadcrumb\"},\"inLanguage\":\"es-AR\",\"potentialAction\":[{\"@type\":\"ReadAction\",\"target\":[\"https:\\\/\\\/fisica2.fica.unsl.edu.ar\\\/index.php\\\/f2_t1_apli\\\/\"]}]},{\"@type\":\"ImageObject\",\"inLanguage\":\"es-AR\",\"@id\":\"https:\\\/\\\/fisica2.fica.unsl.edu.ar\\\/index.php\\\/f2_t1_apli\\\/#primaryimage\",\"url\":\"https:\\\/\\\/fisica2.fica.unsl.edu.ar\\\/wp-content\\\/uploads\\\/2026\\\/02\\\/aplicaciones_vida_real.gif\",\"contentUrl\":\"https:\\\/\\\/fisica2.fica.unsl.edu.ar\\\/wp-content\\\/uploads\\\/2026\\\/02\\\/aplicaciones_vida_real.gif\",\"width\":640,\"height\":640},{\"@type\":\"BreadcrumbList\",\"@id\":\"https:\\\/\\\/fisica2.fica.unsl.edu.ar\\\/index.php\\\/f2_t1_apli\\\/#breadcrumb\",\"itemListElement\":[{\"@type\":\"ListItem\",\"position\":1,\"name\":\"Inicio\",\"item\":\"https:\\\/\\\/fisica2.fica.unsl.edu.ar\\\/\"},{\"@type\":\"ListItem\",\"position\":2,\"name\":\"F2_T1_apli\"}]},{\"@type\":\"WebSite\",\"@id\":\"https:\\\/\\\/fisica2.fica.unsl.edu.ar\\\/#website\",\"url\":\"https:\\\/\\\/fisica2.fica.unsl.edu.ar\\\/\",\"name\":\"F\u00edsica 2\",\"description\":\"FICA - UNSL\",\"publisher\":{\"@id\":\"https:\\\/\\\/fisica2.fica.unsl.edu.ar\\\/#organization\"},\"potentialAction\":[{\"@type\":\"SearchAction\",\"target\":{\"@type\":\"EntryPoint\",\"urlTemplate\":\"https:\\\/\\\/fisica2.fica.unsl.edu.ar\\\/?s={search_term_string}\"},\"query-input\":{\"@type\":\"PropertyValueSpecification\",\"valueRequired\":true,\"valueName\":\"search_term_string\"}}],\"inLanguage\":\"es-AR\"},{\"@type\":\"Organization\",\"@id\":\"https:\\\/\\\/fisica2.fica.unsl.edu.ar\\\/#organization\",\"name\":\"SAC- Secretar\u00eda General FICA\",\"url\":\"https:\\\/\\\/fisica2.fica.unsl.edu.ar\\\/\",\"logo\":{\"@type\":\"ImageObject\",\"inLanguage\":\"es-AR\",\"@id\":\"https:\\\/\\\/fisica2.fica.unsl.edu.ar\\\/#\\\/schema\\\/logo\\\/image\\\/\",\"url\":\"https:\\\/\\\/fisica2.fica.unsl.edu.ar\\\/wp-content\\\/uploads\\\/2021\\\/11\\\/SG-Logo.png\",\"contentUrl\":\"https:\\\/\\\/fisica2.fica.unsl.edu.ar\\\/wp-content\\\/uploads\\\/2021\\\/11\\\/SG-Logo.png\",\"width\":4483,\"height\":1231,\"caption\":\"SAC- Secretar\u00eda General FICA\"},\"image\":{\"@id\":\"https:\\\/\\\/fisica2.fica.unsl.edu.ar\\\/#\\\/schema\\\/logo\\\/image\\\/\"}}]}<\/script>\n<!-- \/ Yoast SEO plugin. -->","yoast_head_json":{"title":"F2_T1_apli - F\u00edsica 2","robots":{"index":"index","follow":"follow","max-snippet":"max-snippet:-1","max-image-preview":"max-image-preview:large","max-video-preview":"max-video-preview:-1"},"canonical":"https:\/\/fisica2.fica.unsl.edu.ar\/index.php\/f2_t1_apli\/","og_locale":"es_ES","og_type":"article","og_title":"F2_T1_apli - F\u00edsica 2","og_description":"Aplicaciones y fen\u00f3menos cotidianos En caso de utilizarse un video en Youtube, y que por ejemplo el audio este en el idioma ingl\u00e9s, existe la&hellip;","og_url":"https:\/\/fisica2.fica.unsl.edu.ar\/index.php\/f2_t1_apli\/","og_site_name":"F\u00edsica 2","article_modified_time":"2026-02-19T14:08:09+00:00","og_image":[{"url":"https:\/\/fisica2.fica.unsl.edu.ar\/wp-content\/uploads\/2026\/02\/aplicaciones_vida_real.gif","type":"","width":"","height":""}],"twitter_card":"summary_large_image","twitter_misc":{"Tiempo de lectura":"3 minutos"},"schema":{"@context":"https:\/\/schema.org","@graph":[{"@type":"WebPage","@id":"https:\/\/fisica2.fica.unsl.edu.ar\/index.php\/f2_t1_apli\/","url":"https:\/\/fisica2.fica.unsl.edu.ar\/index.php\/f2_t1_apli\/","name":"F2_T1_apli - F\u00edsica 2","isPartOf":{"@id":"https:\/\/fisica2.fica.unsl.edu.ar\/#website"},"primaryImageOfPage":{"@id":"https:\/\/fisica2.fica.unsl.edu.ar\/index.php\/f2_t1_apli\/#primaryimage"},"image":{"@id":"https:\/\/fisica2.fica.unsl.edu.ar\/index.php\/f2_t1_apli\/#primaryimage"},"thumbnailUrl":"https:\/\/fisica2.fica.unsl.edu.ar\/wp-content\/uploads\/2026\/02\/aplicaciones_vida_real.gif","datePublished":"2026-02-13T01:56:42+00:00","dateModified":"2026-02-19T14:08:09+00:00","breadcrumb":{"@id":"https:\/\/fisica2.fica.unsl.edu.ar\/index.php\/f2_t1_apli\/#breadcrumb"},"inLanguage":"es-AR","potentialAction":[{"@type":"ReadAction","target":["https:\/\/fisica2.fica.unsl.edu.ar\/index.php\/f2_t1_apli\/"]}]},{"@type":"ImageObject","inLanguage":"es-AR","@id":"https:\/\/fisica2.fica.unsl.edu.ar\/index.php\/f2_t1_apli\/#primaryimage","url":"https:\/\/fisica2.fica.unsl.edu.ar\/wp-content\/uploads\/2026\/02\/aplicaciones_vida_real.gif","contentUrl":"https:\/\/fisica2.fica.unsl.edu.ar\/wp-content\/uploads\/2026\/02\/aplicaciones_vida_real.gif","width":640,"height":640},{"@type":"BreadcrumbList","@id":"https:\/\/fisica2.fica.unsl.edu.ar\/index.php\/f2_t1_apli\/#breadcrumb","itemListElement":[{"@type":"ListItem","position":1,"name":"Inicio","item":"https:\/\/fisica2.fica.unsl.edu.ar\/"},{"@type":"ListItem","position":2,"name":"F2_T1_apli"}]},{"@type":"WebSite","@id":"https:\/\/fisica2.fica.unsl.edu.ar\/#website","url":"https:\/\/fisica2.fica.unsl.edu.ar\/","name":"F\u00edsica 2","description":"FICA - UNSL","publisher":{"@id":"https:\/\/fisica2.fica.unsl.edu.ar\/#organization"},"potentialAction":[{"@type":"SearchAction","target":{"@type":"EntryPoint","urlTemplate":"https:\/\/fisica2.fica.unsl.edu.ar\/?s={search_term_string}"},"query-input":{"@type":"PropertyValueSpecification","valueRequired":true,"valueName":"search_term_string"}}],"inLanguage":"es-AR"},{"@type":"Organization","@id":"https:\/\/fisica2.fica.unsl.edu.ar\/#organization","name":"SAC- Secretar\u00eda General FICA","url":"https:\/\/fisica2.fica.unsl.edu.ar\/","logo":{"@type":"ImageObject","inLanguage":"es-AR","@id":"https:\/\/fisica2.fica.unsl.edu.ar\/#\/schema\/logo\/image\/","url":"https:\/\/fisica2.fica.unsl.edu.ar\/wp-content\/uploads\/2021\/11\/SG-Logo.png","contentUrl":"https:\/\/fisica2.fica.unsl.edu.ar\/wp-content\/uploads\/2021\/11\/SG-Logo.png","width":4483,"height":1231,"caption":"SAC- Secretar\u00eda General FICA"},"image":{"@id":"https:\/\/fisica2.fica.unsl.edu.ar\/#\/schema\/logo\/image\/"}}]}},"_links":{"self":[{"href":"https:\/\/fisica2.fica.unsl.edu.ar\/index.php\/wp-json\/wp\/v2\/pages\/2095","targetHints":{"allow":["GET"]}}],"collection":[{"href":"https:\/\/fisica2.fica.unsl.edu.ar\/index.php\/wp-json\/wp\/v2\/pages"}],"about":[{"href":"https:\/\/fisica2.fica.unsl.edu.ar\/index.php\/wp-json\/wp\/v2\/types\/page"}],"author":[{"embeddable":true,"href":"https:\/\/fisica2.fica.unsl.edu.ar\/index.php\/wp-json\/wp\/v2\/users\/7"}],"replies":[{"embeddable":true,"href":"https:\/\/fisica2.fica.unsl.edu.ar\/index.php\/wp-json\/wp\/v2\/comments?post=2095"}],"version-history":[{"count":13,"href":"https:\/\/fisica2.fica.unsl.edu.ar\/index.php\/wp-json\/wp\/v2\/pages\/2095\/revisions"}],"predecessor-version":[{"id":4638,"href":"https:\/\/fisica2.fica.unsl.edu.ar\/index.php\/wp-json\/wp\/v2\/pages\/2095\/revisions\/4638"}],"wp:attachment":[{"href":"https:\/\/fisica2.fica.unsl.edu.ar\/index.php\/wp-json\/wp\/v2\/media?parent=2095"}],"curies":[{"name":"wp","href":"https:\/\/api.w.org\/{rel}","templated":true}]}}