{"id":1628,"date":"2026-02-11T10:30:38","date_gmt":"2026-02-11T13:30:38","guid":{"rendered":"https:\/\/fisica2.fica.unsl.edu.ar\/?page_id=1628"},"modified":"2026-02-24T12:48:00","modified_gmt":"2026-02-24T15:48:00","slug":"resultados-de-aprendizaje","status":"publish","type":"page","link":"https:\/\/fisica2.fica.unsl.edu.ar\/index.php\/resultados-de-aprendizaje\/","title":{"rendered":"F2_objet"},"content":{"rendered":"\t\t<div data-elementor-type=\"wp-page\" data-elementor-id=\"1628\" class=\"elementor elementor-1628\">\n\t\t\t\t\t\t<section class=\"elementor-section elementor-top-section elementor-element elementor-element-16290ce elementor-section-height-min-height elementor-section-content-middle elementor-section-boxed elementor-section-height-default elementor-section-items-middle\" data-id=\"16290ce\" data-element_type=\"section\" data-e-type=\"section\">\n\t\t\t\t\t\t<div class=\"elementor-container elementor-column-gap-default\">\n\t\t\t\t\t<div class=\"elementor-column elementor-col-33 elementor-top-column elementor-element elementor-element-95ab741\" data-id=\"95ab741\" data-element_type=\"column\" data-e-type=\"column\">\n\t\t\t<div class=\"elementor-widget-wrap elementor-element-populated\">\n\t\t\t\t\t\t<div class=\"elementor-element elementor-element-8a58345 elementor-widget elementor-widget-image\" data-id=\"8a58345\" data-element_type=\"widget\" data-e-type=\"widget\" data-widget_type=\"image.default\">\n\t\t\t\t<div class=\"elementor-widget-container\">\n\t\t\t\t\t\t\t\t\t\t\t\t\t\t\t<img decoding=\"async\" src=\"https:\/\/fisica2.fica.unsl.edu.ar\/wp-content\/uploads\/2026\/02\/aprendizaje.gif\" title=\"aprendizaje\" alt=\"aprendizaje\" loading=\"lazy\" \/>\t\t\t\t\t\t\t\t\t\t\t\t\t\t\t<\/div>\n\t\t\t\t<\/div>\n\t\t\t\t\t<\/div>\n\t\t<\/div>\n\t\t\t\t<div class=\"elementor-column elementor-col-66 elementor-top-column elementor-element elementor-element-47d728b\" data-id=\"47d728b\" data-element_type=\"column\" data-e-type=\"column\">\n\t\t\t<div class=\"elementor-widget-wrap elementor-element-populated\">\n\t\t\t\t\t\t<div class=\"elementor-element elementor-element-86f9678 elementor-widget elementor-widget-text-editor\" data-id=\"86f9678\" data-element_type=\"widget\" data-e-type=\"widget\" data-widget_type=\"text-editor.default\">\n\t\t\t\t<div class=\"elementor-widget-container\">\n\t\t\t\t\t\t\t\t\t<p><span style=\"font-size: 20px; color: #000080;\"><strong>Resultados de aprendizaje<\/strong><\/span><\/p>\t\t\t\t\t\t\t\t<\/div>\n\t\t\t\t<\/div>\n\t\t\t\t\t<\/div>\n\t\t<\/div>\n\t\t\t\t\t<\/div>\n\t\t<\/section>\n\t\t\t\t<section class=\"elementor-section elementor-top-section elementor-element elementor-element-c58fab0 elementor-section-full_width elementor-section-height-default elementor-section-height-default\" data-id=\"c58fab0\" data-element_type=\"section\" data-e-type=\"section\">\n\t\t\t\t\t\t<div class=\"elementor-container elementor-column-gap-default\">\n\t\t\t\t\t<div class=\"elementor-column elementor-col-100 elementor-top-column elementor-element elementor-element-65fd76b\" data-id=\"65fd76b\" data-element_type=\"column\" data-e-type=\"column\">\n\t\t\t<div class=\"elementor-widget-wrap elementor-element-populated\">\n\t\t\t\t\t\t<div class=\"elementor-element elementor-element-0deb2f2 elementor-widget elementor-widget-text-editor\" data-id=\"0deb2f2\" data-element_type=\"widget\" data-e-type=\"widget\" data-widget_type=\"text-editor.default\">\n\t\t\t\t<div class=\"elementor-widget-container\">\n\t\t\t\t\t\t\t\t\t<p class=\"Estilo21\"><span style=\"color: #000080;\"><strong>Resultados de Aprendizaje<\/strong><\/span><\/p><ul><li class=\"Estilo21\"><span style=\"color: #000000;\">(RA1) Aplicar los principios y las leyes de la electricidad y magnetismo para iniciarse en la modelaci\u00f3n de problemas de Ingenier\u00eda.<\/span><\/li><\/ul><ul><li class=\"Estilo21\"><span style=\"color: #000000;\">(RA2) Interpretar los fen\u00f3menos f\u00edsicos a trav\u00e9s de la experimentaci\u00f3n relacionando conceptos te\u00f3ricos con experimentales.<\/span><\/li><\/ul><ul><li class=\"Estilo21\"><span style=\"color: #000000;\">(RA3) Operar instrumentos, equipamientos y software espec\u00edfico para adquirir destreza en el manejo de equipos experimentales.<\/span><\/li><\/ul><ul><li class=\"Estilo21\"><span style=\"color: #000000;\">(RA4) Obtener, reconocer y clasificar los registros obtenidos durante una actividad de aprendizaje experimental para aprender a manipular y usar los instrumentos y poder comunicar en forma oral o escrita los resultados de los experimentos.<\/span><\/li><\/ul><ul><li class=\"Estilo21\"><span style=\"color: #000000;\">(RA5) Manejar los sistemas de unidades y medidas y de \u00f3rdenes de magnitud de los fen\u00f3menos para poder representar, comparar y comprender las distintas magnitudes f\u00edsicas.<\/span><\/li><\/ul><ul><li class=\"Estilo21\"><span style=\"color: #333399;\"><strong>Competencias Gen\u00e9ricas<\/strong><\/span><\/li><\/ul><p class=\"Estilo21\"><span style=\"color: #000000;\">El\/la estudiante luego de haber concluido de manera completa el cursado de la asignatura F\u00edsica 2, habr\u00e1 logrado u obtenido de manera parcial las siguientes Competencias Gen\u00e9ricas (*) de egreso:<\/span><\/p><ul><li class=\"Estilo21\"><span style=\"color: #000080;\"><strong>Competencias tecnol\u00f3gicas<\/strong><\/span><\/li><\/ul><p class=\"Estilo21\"><span style=\"color: #000000;\">1.1. Identificar, formular y resolver problemas.<\/span><\/p><p class=\"Estilo21\"><span style=\"color: #000000;\">1.6. Proyectar y dirigir lo referido a la higiene, seguridad e impacto ambiental.<\/span><\/p><ul><li class=\"Estilo21\"><span style=\"color: #000080;\"><strong>Competencias referidas al desempe\u00f1o<\/strong><\/span><\/li><\/ul><p class=\"Estilo21\"><span style=\"color: #000000;\">2.1. Utilizar y adoptar de manera efectiva las t\u00e9cnicas, instrumentos y herramientas de aplicaci\u00f3n.<\/span><\/p><p class=\"Estilo21\"><span style=\"color: #000000;\">2.3. Considerar y actuar de acuerdo con disposiciones legales y normas de calidad.<\/span><\/p><p class=\"Estilo21\"><span style=\"color: #000000;\">2.5. Planificar y realizar ensayos y\/o experimentos y analizar e interpretar resultados.<\/span><\/p><p class=\"Estilo21\"><span style=\"color: #000000;\">2.6. Evaluar cr\u00edticamente ordenes de magnitud y significaci\u00f3n de resultados num\u00e9ricos.<\/span><\/p><ul><li class=\"Estilo21\"><strong><span style=\"color: #000080;\">Competencias sociales, pol\u00edticas y actitudinales<\/span><\/strong><\/li><\/ul><p class=\"Estilo21\"><span style=\"color: #000000;\">3.1. Desempe\u00f1arse de manera efectiva en equipos de trabajo multidisciplinarios.<\/span><\/p><p class=\"Estilo21\"><span style=\"color: #000000;\">3.2. Comunicarse con efectividad en forma escrita, oral y gr\u00e1fica.<\/span><\/p><p class=\"Estilo21\"><span style=\"color: #000000;\">3.5. Aprender en forma continua y aut\u00f3noma.<\/span><\/p><p class=\"Estilo21\"><span style=\"color: #000000;\">3.6. Actuar con esp\u00edritu emprendedor y enfrentar la exigencia y responsabilidad propia del liderazgo.<\/span><\/p><p class=\"Estilo21\"><span style=\"color: #000000;\">(*) Competencias Gen\u00e9ricas establecidas en la \u201cPropuesta de Est\u00e1ndares de Segunda Generaci\u00f3n para la Acreditaci\u00f3n de Carreras de Ingenier\u00eda en la Rep\u00fablica Argentina\u201d. Libro Rojo de CONFEDI (2018)<\/span><\/p><p class=\"Estilo21\"><strong><br \/><\/strong><span style=\"color: #ff0000;\"><a style=\"color: #ff0000;\" href=\"https:\/\/fisica2.fica.unsl.edu.ar\/wp-content\/uploads\/2026\/02\/Competencias_genericas_aportes.pdf\">Competencias Gen\u00e9ricas &#8211; Aporte Al Perfil de Egreso en el Nivel de Dominio de Ciencias B\u00e1sicas<\/a><\/span><strong><br \/><\/strong><\/p>\t\t\t\t\t\t\t\t<\/div>\n\t\t\t\t<\/div>\n\t\t\t\t\t<\/div>\n\t\t<\/div>\n\t\t\t\t\t<\/div>\n\t\t<\/section>\n\t\t\t\t<\/div>\n\t\t","protected":false},"excerpt":{"rendered":"<p>Resultados de aprendizaje Resultados de Aprendizaje (RA1) Aplicar los principios y las leyes de la electricidad y magnetismo para iniciarse en la modelaci\u00f3n de problemas&hellip;<\/p>\n","protected":false},"author":7,"featured_media":0,"parent":0,"menu_order":0,"comment_status":"closed","ping_status":"closed","template":"elementor_header_footer","meta":{"_monsterinsights_skip_tracking":false,"_monsterinsights_sitenote_active":false,"_monsterinsights_sitenote_note":"","_monsterinsights_sitenote_category":0,"footnotes":""},"class_list":["post-1628","page","type-page","status-publish","hentry"],"yoast_head":"<!-- This site is optimized with the Yoast SEO plugin v27.3 - https:\/\/yoast.com\/product\/yoast-seo-wordpress\/ -->\n<title>F2_objet - F\u00edsica 2<\/title>\n<meta name=\"robots\" content=\"index, follow, max-snippet:-1, max-image-preview:large, max-video-preview:-1\" \/>\n<link rel=\"canonical\" href=\"https:\/\/fisica2.fica.unsl.edu.ar\/index.php\/resultados-de-aprendizaje\/\" \/>\n<meta property=\"og:locale\" content=\"es_ES\" \/>\n<meta property=\"og:type\" content=\"article\" \/>\n<meta property=\"og:title\" content=\"F2_objet - F\u00edsica 2\" \/>\n<meta property=\"og:description\" content=\"Resultados de aprendizaje Resultados de Aprendizaje (RA1) Aplicar los principios y las leyes de la electricidad y magnetismo para iniciarse en la modelaci\u00f3n de problemas&hellip;\" \/>\n<meta property=\"og:url\" content=\"https:\/\/fisica2.fica.unsl.edu.ar\/index.php\/resultados-de-aprendizaje\/\" \/>\n<meta property=\"og:site_name\" content=\"F\u00edsica 2\" \/>\n<meta property=\"article:modified_time\" content=\"2026-02-24T15:48:00+00:00\" \/>\n<meta property=\"og:image\" content=\"https:\/\/fisica2.fica.unsl.edu.ar\/wp-content\/uploads\/2026\/02\/aprendizaje.gif\" \/>\n<meta name=\"twitter:card\" content=\"summary_large_image\" \/>\n<meta name=\"twitter:label1\" content=\"Tiempo de lectura\" \/>\n\t<meta name=\"twitter:data1\" content=\"2 minutos\" \/>\n<script type=\"application\/ld+json\" class=\"yoast-schema-graph\">{\"@context\":\"https:\\\/\\\/schema.org\",\"@graph\":[{\"@type\":\"WebPage\",\"@id\":\"https:\\\/\\\/fisica2.fica.unsl.edu.ar\\\/index.php\\\/resultados-de-aprendizaje\\\/\",\"url\":\"https:\\\/\\\/fisica2.fica.unsl.edu.ar\\\/index.php\\\/resultados-de-aprendizaje\\\/\",\"name\":\"F2_objet - F\u00edsica 2\",\"isPartOf\":{\"@id\":\"https:\\\/\\\/fisica2.fica.unsl.edu.ar\\\/#website\"},\"primaryImageOfPage\":{\"@id\":\"https:\\\/\\\/fisica2.fica.unsl.edu.ar\\\/index.php\\\/resultados-de-aprendizaje\\\/#primaryimage\"},\"image\":{\"@id\":\"https:\\\/\\\/fisica2.fica.unsl.edu.ar\\\/index.php\\\/resultados-de-aprendizaje\\\/#primaryimage\"},\"thumbnailUrl\":\"https:\\\/\\\/fisica2.fica.unsl.edu.ar\\\/wp-content\\\/uploads\\\/2026\\\/02\\\/aprendizaje.gif\",\"datePublished\":\"2026-02-11T13:30:38+00:00\",\"dateModified\":\"2026-02-24T15:48:00+00:00\",\"breadcrumb\":{\"@id\":\"https:\\\/\\\/fisica2.fica.unsl.edu.ar\\\/index.php\\\/resultados-de-aprendizaje\\\/#breadcrumb\"},\"inLanguage\":\"es-AR\",\"potentialAction\":[{\"@type\":\"ReadAction\",\"target\":[\"https:\\\/\\\/fisica2.fica.unsl.edu.ar\\\/index.php\\\/resultados-de-aprendizaje\\\/\"]}]},{\"@type\":\"ImageObject\",\"inLanguage\":\"es-AR\",\"@id\":\"https:\\\/\\\/fisica2.fica.unsl.edu.ar\\\/index.php\\\/resultados-de-aprendizaje\\\/#primaryimage\",\"url\":\"https:\\\/\\\/fisica2.fica.unsl.edu.ar\\\/wp-content\\\/uploads\\\/2026\\\/02\\\/aprendizaje.gif\",\"contentUrl\":\"https:\\\/\\\/fisica2.fica.unsl.edu.ar\\\/wp-content\\\/uploads\\\/2026\\\/02\\\/aprendizaje.gif\",\"width\":640,\"height\":640},{\"@type\":\"BreadcrumbList\",\"@id\":\"https:\\\/\\\/fisica2.fica.unsl.edu.ar\\\/index.php\\\/resultados-de-aprendizaje\\\/#breadcrumb\",\"itemListElement\":[{\"@type\":\"ListItem\",\"position\":1,\"name\":\"Inicio\",\"item\":\"https:\\\/\\\/fisica2.fica.unsl.edu.ar\\\/\"},{\"@type\":\"ListItem\",\"position\":2,\"name\":\"F2_objet\"}]},{\"@type\":\"WebSite\",\"@id\":\"https:\\\/\\\/fisica2.fica.unsl.edu.ar\\\/#website\",\"url\":\"https:\\\/\\\/fisica2.fica.unsl.edu.ar\\\/\",\"name\":\"F\u00edsica 2\",\"description\":\"FICA - UNSL\",\"publisher\":{\"@id\":\"https:\\\/\\\/fisica2.fica.unsl.edu.ar\\\/#organization\"},\"potentialAction\":[{\"@type\":\"SearchAction\",\"target\":{\"@type\":\"EntryPoint\",\"urlTemplate\":\"https:\\\/\\\/fisica2.fica.unsl.edu.ar\\\/?s={search_term_string}\"},\"query-input\":{\"@type\":\"PropertyValueSpecification\",\"valueRequired\":true,\"valueName\":\"search_term_string\"}}],\"inLanguage\":\"es-AR\"},{\"@type\":\"Organization\",\"@id\":\"https:\\\/\\\/fisica2.fica.unsl.edu.ar\\\/#organization\",\"name\":\"SAC- Secretar\u00eda General FICA\",\"url\":\"https:\\\/\\\/fisica2.fica.unsl.edu.ar\\\/\",\"logo\":{\"@type\":\"ImageObject\",\"inLanguage\":\"es-AR\",\"@id\":\"https:\\\/\\\/fisica2.fica.unsl.edu.ar\\\/#\\\/schema\\\/logo\\\/image\\\/\",\"url\":\"https:\\\/\\\/fisica2.fica.unsl.edu.ar\\\/wp-content\\\/uploads\\\/2021\\\/11\\\/SG-Logo.png\",\"contentUrl\":\"https:\\\/\\\/fisica2.fica.unsl.edu.ar\\\/wp-content\\\/uploads\\\/2021\\\/11\\\/SG-Logo.png\",\"width\":4483,\"height\":1231,\"caption\":\"SAC- Secretar\u00eda General FICA\"},\"image\":{\"@id\":\"https:\\\/\\\/fisica2.fica.unsl.edu.ar\\\/#\\\/schema\\\/logo\\\/image\\\/\"}}]}<\/script>\n<!-- \/ Yoast SEO plugin. -->","yoast_head_json":{"title":"F2_objet - F\u00edsica 2","robots":{"index":"index","follow":"follow","max-snippet":"max-snippet:-1","max-image-preview":"max-image-preview:large","max-video-preview":"max-video-preview:-1"},"canonical":"https:\/\/fisica2.fica.unsl.edu.ar\/index.php\/resultados-de-aprendizaje\/","og_locale":"es_ES","og_type":"article","og_title":"F2_objet - F\u00edsica 2","og_description":"Resultados de aprendizaje Resultados de Aprendizaje (RA1) Aplicar los principios y las leyes de la electricidad y magnetismo para iniciarse en la modelaci\u00f3n de problemas&hellip;","og_url":"https:\/\/fisica2.fica.unsl.edu.ar\/index.php\/resultados-de-aprendizaje\/","og_site_name":"F\u00edsica 2","article_modified_time":"2026-02-24T15:48:00+00:00","og_image":[{"url":"https:\/\/fisica2.fica.unsl.edu.ar\/wp-content\/uploads\/2026\/02\/aprendizaje.gif","type":"","width":"","height":""}],"twitter_card":"summary_large_image","twitter_misc":{"Tiempo de lectura":"2 minutos"},"schema":{"@context":"https:\/\/schema.org","@graph":[{"@type":"WebPage","@id":"https:\/\/fisica2.fica.unsl.edu.ar\/index.php\/resultados-de-aprendizaje\/","url":"https:\/\/fisica2.fica.unsl.edu.ar\/index.php\/resultados-de-aprendizaje\/","name":"F2_objet - F\u00edsica 2","isPartOf":{"@id":"https:\/\/fisica2.fica.unsl.edu.ar\/#website"},"primaryImageOfPage":{"@id":"https:\/\/fisica2.fica.unsl.edu.ar\/index.php\/resultados-de-aprendizaje\/#primaryimage"},"image":{"@id":"https:\/\/fisica2.fica.unsl.edu.ar\/index.php\/resultados-de-aprendizaje\/#primaryimage"},"thumbnailUrl":"https:\/\/fisica2.fica.unsl.edu.ar\/wp-content\/uploads\/2026\/02\/aprendizaje.gif","datePublished":"2026-02-11T13:30:38+00:00","dateModified":"2026-02-24T15:48:00+00:00","breadcrumb":{"@id":"https:\/\/fisica2.fica.unsl.edu.ar\/index.php\/resultados-de-aprendizaje\/#breadcrumb"},"inLanguage":"es-AR","potentialAction":[{"@type":"ReadAction","target":["https:\/\/fisica2.fica.unsl.edu.ar\/index.php\/resultados-de-aprendizaje\/"]}]},{"@type":"ImageObject","inLanguage":"es-AR","@id":"https:\/\/fisica2.fica.unsl.edu.ar\/index.php\/resultados-de-aprendizaje\/#primaryimage","url":"https:\/\/fisica2.fica.unsl.edu.ar\/wp-content\/uploads\/2026\/02\/aprendizaje.gif","contentUrl":"https:\/\/fisica2.fica.unsl.edu.ar\/wp-content\/uploads\/2026\/02\/aprendizaje.gif","width":640,"height":640},{"@type":"BreadcrumbList","@id":"https:\/\/fisica2.fica.unsl.edu.ar\/index.php\/resultados-de-aprendizaje\/#breadcrumb","itemListElement":[{"@type":"ListItem","position":1,"name":"Inicio","item":"https:\/\/fisica2.fica.unsl.edu.ar\/"},{"@type":"ListItem","position":2,"name":"F2_objet"}]},{"@type":"WebSite","@id":"https:\/\/fisica2.fica.unsl.edu.ar\/#website","url":"https:\/\/fisica2.fica.unsl.edu.ar\/","name":"F\u00edsica 2","description":"FICA - UNSL","publisher":{"@id":"https:\/\/fisica2.fica.unsl.edu.ar\/#organization"},"potentialAction":[{"@type":"SearchAction","target":{"@type":"EntryPoint","urlTemplate":"https:\/\/fisica2.fica.unsl.edu.ar\/?s={search_term_string}"},"query-input":{"@type":"PropertyValueSpecification","valueRequired":true,"valueName":"search_term_string"}}],"inLanguage":"es-AR"},{"@type":"Organization","@id":"https:\/\/fisica2.fica.unsl.edu.ar\/#organization","name":"SAC- Secretar\u00eda General FICA","url":"https:\/\/fisica2.fica.unsl.edu.ar\/","logo":{"@type":"ImageObject","inLanguage":"es-AR","@id":"https:\/\/fisica2.fica.unsl.edu.ar\/#\/schema\/logo\/image\/","url":"https:\/\/fisica2.fica.unsl.edu.ar\/wp-content\/uploads\/2021\/11\/SG-Logo.png","contentUrl":"https:\/\/fisica2.fica.unsl.edu.ar\/wp-content\/uploads\/2021\/11\/SG-Logo.png","width":4483,"height":1231,"caption":"SAC- Secretar\u00eda General FICA"},"image":{"@id":"https:\/\/fisica2.fica.unsl.edu.ar\/#\/schema\/logo\/image\/"}}]}},"_links":{"self":[{"href":"https:\/\/fisica2.fica.unsl.edu.ar\/index.php\/wp-json\/wp\/v2\/pages\/1628","targetHints":{"allow":["GET"]}}],"collection":[{"href":"https:\/\/fisica2.fica.unsl.edu.ar\/index.php\/wp-json\/wp\/v2\/pages"}],"about":[{"href":"https:\/\/fisica2.fica.unsl.edu.ar\/index.php\/wp-json\/wp\/v2\/types\/page"}],"author":[{"embeddable":true,"href":"https:\/\/fisica2.fica.unsl.edu.ar\/index.php\/wp-json\/wp\/v2\/users\/7"}],"replies":[{"embeddable":true,"href":"https:\/\/fisica2.fica.unsl.edu.ar\/index.php\/wp-json\/wp\/v2\/comments?post=1628"}],"version-history":[{"count":26,"href":"https:\/\/fisica2.fica.unsl.edu.ar\/index.php\/wp-json\/wp\/v2\/pages\/1628\/revisions"}],"predecessor-version":[{"id":5161,"href":"https:\/\/fisica2.fica.unsl.edu.ar\/index.php\/wp-json\/wp\/v2\/pages\/1628\/revisions\/5161"}],"wp:attachment":[{"href":"https:\/\/fisica2.fica.unsl.edu.ar\/index.php\/wp-json\/wp\/v2\/media?parent=1628"}],"curies":[{"name":"wp","href":"https:\/\/api.w.org\/{rel}","templated":true}]}}